 88*g**2 + 5*g - 2. Let x be k(-4). Suppose -5612 = -4*p - 3*j, 3*p - 5*j + x = 4*p. Suppose m + 939 = 2*q - 0*q, 3*q = m + p. Is q a prime number?
True
Let c be -84*(-4 - (-5)/(-4)). Let l = -256 + c. Is l prime?
False
Suppose -j = -1 - 5. Is ((-569)/(-2))/(j/60) composite?
True
Let y(w) = 2*w**2 - 3*w + 3. Let m be y(2). Let c(t) = 295*t - 6. Is c(m) a prime number?
False
Let g(f) = f**2 - 13*f - 11. Let q be g(14). Let r be -12*(2 - 7/q). Let l = r + 49. Is l a composite number?
False
Suppose 0 = p - 4*g - 899, 19*p - g = 24*p - 4558. Is p composite?
False
Let p be (-308 + -5)/(3/(-9)). Suppose -p = -3*w + 48. Is w a composite number?
True
Let m(c) be the third derivative of 11*c**5/30 - c**4/6 + c**3/6 + 29*c**2. Let b = 2 - 5. Is m(b) composite?
False
Suppose 4 = -s - w, 22 = -3*s - w - 4*w. Let y be s/2*(0 - 0). Is -1 - (-114 - y/3) composite?
False
Suppose 296 + 2986 = 6*r. Let t = -208 + r. Is t prime?
False
Suppose 0 = -5*t + 4*z + 574, 4*t - 2*z + 4*z = 454. Suppose -3*s + 4*s + 481 = 3*o, -639 = -4*o - s. Let m = o - t. Is m prime?
False
Let b(t) = 5*t + 4. Let l be b(-3). Let u = -11 - l. Suppose 7*o - 2*o - 35 = u. Is o a composite number?
False
Suppose 0 = 2*g - 3*f + 294 + 121, -3*g - 621 = -3*f. Let k = g - -1605. Is k a prime number?
True
Let o(z) = z**2 - 5*z + 8. Let m be o(4). Suppose -m*h = 4*h - 17192. Is h prime?
False
Let o be (-12)/(-42) + (-7020)/(-28). Suppose 2*h + 81 - o = 0. Is h composite?
True
Suppose -78764 = 2*z - 30*z. Is z composite?
True
Suppose 2*y = -5*s + 46650 + 49481, -y - 2*s + 48067 = 0. Is y composite?
False
Let c = 142627 + -100908. Is c a composite number?
False
Let v = 1 + -1. Suppose v = 4*w - 7*w + 5*g + 406, -4*w + 483 = 5*g. Is w a composite number?
False
Let x = 1898 - -3089. Is x prime?
True
Let h(r) = 32*r**2 + 10*r + 2. Let o be h(7). Suppose -4*i + 5*i - 983 = -3*u, -2*i = 5*u - o. Is (-1 + 0)*-3 + u a prime number?
False
Is (-7)/7*(13 - 54546) prime?
False
Let p = 23 - -188. Is p a composite number?
False
Suppose d + 3*l - 3096 = 2*l, -25 = 5*l. Is d a composite number?
True
Let z(g) = -3*g + 1. Let y be z(-1). Suppose y*k + 2*r - 2111 = 3*r, 3*r - 1073 = -2*k. Is k a prime number?
False
Let j be (12/15)/(3/15). Let o = -6 + j. Let l(s) = -35*s + 1. Is l(o) a prime number?
True
Suppose 5254 = -4*g + 4*m + 28898, 2*m = -3*g + 17723. Is g composite?
True
Let p = -2792 - -1187. Let a = 2966 + p. Is a a prime number?
True
Suppose -2*u - 4 = -6. Let m be -6 + u + 2 - -2. Let c(n) = -11*n. Is c(m) a composite number?
False
Let a(z) = -z**3 - 4*z**2 + 4*z + 4. Let g be a(-3). Let j be (4 - 3) + 0 + g. Is (7/(-1))/(j/80) a composite number?
True
Let k = -518 - -1315. Is k a composite number?
False
Let l(s) = s**3 + 11*s**2 + 8*s - 1. Let t(a) = -5*a + 12. Let y be t(4). Is l(y) prime?
True
Suppose 5*i - 231 = -4*y - 1109, 880 = -4*y - 4*i. Let h = -143 - y. Is h composite?
False
Let j = -15 - 0. Let i be ((-12)/(-15))/(3/j). Is 115/i*(-3 + -1) prime?
False
Suppose -4*z - 3*y = z - 1118495, -447398 = -2*z - 5*y. Is z prime?
False
Suppose 52*j - 23849 = -l + 57*j, -3*j = 4*l - 95396. Is l a prime number?
False
Suppose 9*a = -a + 71770. Is a a composite number?
False
Suppose -42825 = -3*i + 8814. Is i a prime number?
False
Let z be (1 - -5565) + (-7)/((-7)/(-4)). Suppose -4*v - 25 = 31. Is v/49 - z/(-14) composite?
False
Let u = 19 + -28. Let o be 57*(0 + 3/u). Let w = o - -50. Is w prime?
True
Suppose 22788 = g + 5911. Is g composite?
True
Let l = -24 + 22. Let d be 1002 + (-4 - -4)/l. Suppose 2160 + d = 6*x. Is x composite?
True
Suppose 3*n - 2 = 2*n. Suppose -5*k + n*j - j = 38, 30 = -3*k - 3*j. Is k/20 + 3194/10 a composite number?
True
Is -1 + (1/2)/((-4)/(-15744)) a prime number?
False
Suppose -499 - 931 = 5*y. Let s = -29 - y. Is s a composite number?
False
Let o be (-1)/(2 + -3)*2. Suppose -o*x = 197 + 43. Let d = x - -235. Is d a prime number?
False
Let n = -159 - -93. Let h = n - -563. Is h prime?
False
Let t(s) = 45 + 7*s - 8*s + 17*s. Is t(7) prime?
True
Suppose -2*w - i + 3196 = -0*w, -i = -2. Is w composite?
False
Is 1537 + (72/4)/(-3) prime?
True
Suppose -2*j = y + j + 24, -72 = 3*y + 4*j. Let g = y + 27. Suppose -g*r - 177 = -759. Is r a prime number?
False
Let t be (-5)/20*-4 - -2. Is (t - (-844)/16)*4 a prime number?
True
Suppose 4*a - f - 800 = 0, 5*a + 4*f = -0*a + 979. Suppose -2*v = 3*i - 965, 0 = 5*i - 4*v + a - 1822. Is i composite?
True
Suppose -q = 4*r + 4*q - 332309, -3*r = -3*q - 249198. Is r composite?
False
Let k be ((-2)/5)/(1/(-5)). Suppose 205 = k*s - 235. Suppose 6*x - 2*x = s. Is x composite?
True
Suppose 4*q - 1679 = -0*q + z, -3*z - 1677 = -4*q. Suppose -5*r = -9465 - q. Suppose -r = -4*n + 643. Is n prime?
False
Is (-48)/(-128) + 840025/40 a prime number?
True
Suppose 0 = 3*c + 13 + 2, c = 4*w - 41. Suppose w*x - 4258 = 7*x. Is x prime?
True
Let w(m) be the first derivative of 47*m**3/3 + m**2/2 + 2*m + 2. Let v(r) be the first derivative of w(r). Is v(1) a composite number?
True
Let q(v) = 979*v + 8. Is q(5) composite?
False
Suppose 4*q + 144 = -0*q + 3*y, 0 = 3*q + 4*y + 133. Let b = q - -72. Suppose -w + 3*w = a + 110, 5*a - b = -w. Is w a prime number?
True
Suppose -y = -32 + 22. Suppose -745 = y*r - 15*r. Is r a prime number?
True
Suppose 27*r - 764 = 25*r. Is r prime?
False
Let d(v) = -27*v - 448. Is d(-46) prime?
False
Let s(x) = -x**2 - 6*x - 4. Let p be s(-4). Let g(d) = d**2 - 4*d - 5. Let v be g(p). Let z = v - -19. Is z composite?
True
Let s(h) = -6548*h + 247. Is s(-5) composite?
False
Suppose -v + 3 = -1. Let y = 6750 - 4029. Suppose v*n = 3*f - y, -2*f - 3*f - 3*n = -4535. Is f a prime number?
True
Let s be (1 + 2 - 4)/1. Let t(d) = -9*d - 2. Let w be t(s). Is w/(28/(-8)) - -120 prime?
False
Is ((-110)/(-10))/(-4*(-2)/1688) prime?
False
Let f(t) = 15*t - 1. Let r = 9 + -1. Suppose r = 9*o - 8*o. Is f(o) prime?
False
Suppose 0 = -b - 3*b - 16. Let q be (-48)/(-9)*(-45)/b. Suppose -755 + q = -5*p. Is p prime?
True
Let u = 42769 - -22410. Is u composite?
False
Suppose 4*f + 46368 = 4*k, -k - 90*f + 87*f + 11612 = 0. Is k a prime number?
True
Let z = 5181 - -1600. Let b = -4622 + z. Is b a prime number?
False
Suppose -7*u + 35 = 7. Suppose 5*g = -j + 17, -u*j - 19 = -7*j + g. Is j a prime number?
True
Let r(o) = 31*o**2 + 6*o. Let f be r(-7). Suppose 0 = q + z + 2*z - f, 0 = -4*q + 4*z + 5876. Is q a composite number?
False
Let v(l) = 31*l**2 - 2*l + 2. Let w(f) = f - 1. Let d(h) = v(h) + 4*w(h). Is d(1) a composite number?
False
Let u(r) = 46*r - 59. Let b be u(20). Let w = 1496 - b. Is w a prime number?
False
Suppose 9 = -4*q + 5. Let f = 5 + q. Suppose -2*y = -2, -f*w + 2*y = -y - 1513. Is w composite?
False
Let q be 34/6 - 2/(-6). Let h be 2/(q/(-9)) - -9. Suppose 0 = 3*i - h*i + 345. Is i a composite number?
True
Suppose -2*d + 2 = 4*v, 17 = 4*d + 4*v - 9*v. Let m be d/2 - (-75)/(-10). Let r(p) = 3*p**2 + 3*p - 5. Is r(m) a composite number?
True
Let p(i) = 2*i**3 - 5*i**2 - 6*i + 4. Let w be p(6). Suppose -352 = -4*s - 4*h, -458 = 8*s - 13*s + 4*h. Suppose s = 5*c - w. Is c composite?
True
Let d(z) = 154*z + 61. Is d(15) prime?
True
Let p(c) = 74*c**2 - 66*c + 23. Is p(37) a composite number?
False
Suppose 4*c - c = 0. Suppose -2*v + 4*v + s - 7 = c, s + 7 = 5*v. Suppose 3*j - q = 634, 213 = v*j - j - 2*q. Is j prime?
True
Let n(g) = -g**2 + 14*g - 22. Let w be n(11). Let z(x) = -x**2 + 12*x - 8. Let s be z(w). Suppose 0*q + 471 = s*q. Is q a prime number?
True
Suppose -535 = -6*i + 1763. Let p = -192 + i. Is p a prime number?
True
Suppose 5*q - 10 = 2270. Suppose -l + q = -p, 3*l - 3*p = l + 912. Suppose -171 = -3*t + l. Is t composite?
True
Let y(r) = 21*r. Let i be y(-8). Let a be (12/(-7))/(6/i). Suppose -a = -2*b - 4. Is b prime?
False
Let r = 4113 - 2433. Suppose -m + r + 269 = 0. Is m composite?
False
Let s = -2587 + 11964. Is s a composite number?
False
Let d(s) = s**2 - 3*s. Let v be ((-4)/2)/(-2) + -1. Suppose v = 3*w - 4 - 11. Is d(w) a prime number?
False
Suppose -5 = 5*o, o - 6*o + 30322 = 3*y. Is y a prime number?
False
Is (-7)/105*-2 + 2546/30 prime?
False
Let p be (2/(-6))/(5/(-90)). Suppose -r = -p*r + 10. Suppose 0 = -2*f + 4*a + 186, 0*f - a = -r*f + 177. Is f composite?
True
Let d = -12 - -17. Suppose z - d*z = -928. S